nder when 11420459 is divided by 11420452?
7
What is the remainder when 92768 is divided by 4417?
11
What is the remainder when 1815855 is divided by 90?
15
Calculate the remainder when 16994380 is divided by 618.
616
Calculate the remainder when 10904742 is divided by 266.
72
Calculate the remainder when 32678 is divided by 659.
387
What is the remainder when 11677343 is divided by 315601?
106
Calculate the remainder when 1915125 is divided by 5666.
17
What is the remainder when 7445817 is divided by 33?
27
Calculate the remainder when 199520159 is divided by 16.
15
Calculate the remainder when 1494431 is divided by 1133.
4
Calculate the remainder when 296449 is divided by 1728.
961
What is the remainder when 436737 is divided by 87312?
177
What is the remainder when 372484 is divided by 2607?
2290
Calculate the remainder when 21397345 is divided by 56.
25
What is the remainder when 11926207 is divided by 5963088?
31
Calculate the remainder when 8288594 is divided by 457.
442
What is the remainder when 4036340 is divided by 34?
30
Calculate the remainder when 10682 is divided by 3185.
1127
Calculate the remainder when 57278792 is divided by 4934.
4920
What is the remainder when 23927142 is divided by 1495444?
38
Calculate the remainder when 603959 is divided by 803.
103
What is the remainder when 392298 is divided by 98058?
66
Calculate the remainder when 143998681 is divided by 2107.
2087
What is the remainder when 207937484 is divided by 3184?
3180
Calculate the remainder when 56567795 is divided by 113.
108
Calculate the remainder when 2537726 is divided by 12379.
31
Calculate the remainder when 1542676 is divided by 514225.
1
Calculate the remainder when 682170 is divided by 37894.
78
What is the remainder when 9437665 is divided by 335?
45
What is the remainder when 22164 is divided by 127?
66
Calculate the remainder when 135461531 is divided by 1378.
1375
What is the remainder when 6839 is divided by 2261?
56
What is the remainder when 314919 is divided by 78354?
1503
What is the remainder when 75975 is divided by 1770?
1635
Calculate the remainder when 1726234 is divided by 3761.
3696
Calculate the remainder when 66013 is divided by 641.
631
Calculate the remainder when 16545971 is divided by 9.
2
What is the remainder when 2505332 is divided by 1252666?
0
Calculate the remainder when 17086 is divided by 1441.
1235
Calculate the remainder when 714856 is divided by 2440.
2376
Calculate the remainder when 45359217 is divided by 1622.
1609
Calculate the remainder when 19987957 is divided by 2220884.
1
What is the remainder when 419976 is divided by 845?
11
Calculate the remainder when 8097425 is divided by 4048706.
13
Calculate the remainder when 127233 is divided by 3575.
2108
Calculate the remainder when 175278697 is divided by 94.
93
What is the remainder when 3172489 is divided by 287?
278
Calculate the remainder when 4215700 is divided by 215.
195
Calculate the remainder when 65383 is divided by 13061.
78
Calculate the remainder when 2121501 is divided by 316.
193
Calculate the remainder when 239022 is divided by 119216.
590
What is the remainder when 1981513 is divided by 1152?
73
Calculate the remainder when 4660089 is divided by 3298.
15
Calculate the remainder when 642515 is divided by 89.
24
What is the remainder when 2860818 is divided by 3002?
2914
Calculate the remainder when 3215215 is divided by 422.
419
What is the remainder when 37393 is divided by 2875?
18
Calculate the remainder when 5151457 is divided by 873.
757
What is the remainder when 324636 is divided by 371?
11
What is the remainder when 88150411 is divided by 3526016?
11
Calculate the remainder when 1189221 is divided by 169888.
5
Calculate the remainder when 1673748 is divided by 167.
74
Calculate the remainder when 7619463 is divided by 3787.
19
Calculate the remainder when 316384 is divided by 28753.
101
Calculate the remainder when 477510 is divided by 477497.
13
Calculate the remainder when 1389824 is divided by 703.
696
Calculate the remainder when 2464103 is divided by 224008.
15
What is the remainder when 1006341 is divided by 16517?
15321
What is the remainder when 1584483 is divided by 1584469?
14
Calculate the remainder when 147835944 is divided by 2687926.
14
What is the remainder when 32508 is divided by 14348?
3812
What is the remainder when 47394794 is divided by 7899129?
20
What is the remainder when 1080924 is divided by 1562?
20
Calculate the remainder when 366154 is divided by 2425.
2404
What is the remainder when 3123534 is divided by 41?
31
What is the remainder when 59853 is divided by 59830?
23
What is the remainder when 252892 is divided by 2871?
244
What is the remainder when 3807690 is divided by 95?
90
What is the remainder when 577552 is divided by 21362?
778
What is the remainder when 24788 is divided by 729?
2
Calculate the remainder when 4368854 is divided by 256991.
7
What is the remainder when 520084 is divided by 24761?
103
What is the remainder when 24405 is divided by 5979?
489
Calculate the remainder when 315365 is divided by 110.
105
What is the remainder when 7124122 is divided by 712411?
12
What is the remainder when 1032575 is divided by 6494?
29
Calculate the remainder when 73843 is divided by 3001.
1819
Calculate the remainder when 51396 is divided by 24540.
2316
What is the remainder when 462430798 is divided by 390?
388
What is the remainder when 551716 is divided by 68864?
804
What is the remainder when 75476363 is divided by 43?
11
Calculate the remainder when 26791 is divided by 26639.
152
Calculate the remainder when 954716 is divided by 2704.
204
Calculate the remainder when 5773988 is divided by 286.
220
What is the remainder when 1676514 is divided by 6815?
24
What is the remainder when 165098616 is divided by 19?
16
What is the remainder when 16979517 is divided by 3680?
3677
What is the remainder when 125480 is divided by 24?
8
Calculate the remainder when 10792976 is divided by 1151.
49
What is the remainder when 29254902 is divided by 12044?
26
What is the remainder when 525890 is divided by 8217?
2
Calculate the remainder when 5526346 is divided by 33291.
40
Calculate the remainder when 1364177 is divided by 1.
0
Calculate the remainder when 926951 is divided by 230.
51
Calculate the remainder when 302246 is divided by 46.
26
What is the remainder when 2521 is divided by 814?
79
Calculate the remainder when 19774 is divided by 245.
174
Calculate the remainder when 103943 is divided by 768.
263
What is the remainder when 7067878 is divided by 139?
6
Calculate the remainder when 25772165 is divided by 6800.
165
What is the remainder when 29204255 is divided by 14602126?
3
What is the remainder when 106112 is divided by 52811?
490
Calculate the remainder when 9666572 is divided by 385.
377
What is the remainder when 523171 is divided by 11131?
14
Calculate the remainder when 40726 is divided by 6780.
46
Calculate the remainder when 7934 is divided by 6108.
1826
What is the remainder when 2744664 is divided by 741?
0
Calculate the remainder when 22291 is divided by 21827.
464
What is the remainder when 257247169 is divided by 9?
7
What is the remainder when 309861 is divided by 1119?
1017
Calculate the remainder when 498735 is divided by 29322.
261
Calculate the remainder when 50199024 is divided by 3585644.
8
What is the remainder when 749535 is divided by 2766?
2715
Calculate the remainder when 140927 is divided by 28123.
312
Calculate the remainder when 40134285 is divided by 35.
30
Calculate the remainder when 775171954 is divided by 741.
739
What is the remainder when 756466 is divided by 103?
34
Calculate the remainder when 98757 is divided by 2335.
687
Calculate the remainder when 21588609 is divided by 4317718.
19
Calculate the remainder when 430593656 is divided by 630.
626
Calculate the remainder when 117550 is divided by 2613.
2578
What is the remainder when 65125 is divided by 3106?
3005
What is the remainder when 240335 is divided by 61?
56
Calculate the remainder when 3896477 is divided by 47518.
1
What is the remainder when 21577 is divided by 8996?
3585
What is the remainder when 1722337 is divided by 191340?
277
What is the remainder when 117074 is divided by 1082?
218
Calculate the rema